{"id":12,"date":"2019-01-06T13:47:47","date_gmt":"2019-01-06T13:47:47","guid":{"rendered":"http:\/\/martin-huber.org\/?page_id=12"},"modified":"2025-06-30T16:11:17","modified_gmt":"2025-06-30T14:11:17","slug":"lebenslauf","status":"publish","type":"page","link":"https:\/\/martin-huber.org\/startseite\/?page_id=12","title":{"rendered":"Lebenslauf"},"content":{"rendered":"\n<p class=\"has-small-font-size\"><strong>Martin Huber<\/strong><\/p>\n\n\n\n<p class=\"has-small-font-size\">Geboren 1975 in M\u00fcnchen<br>Familienstand: verheiratet<br>Staatsangeh\u00f6rigkeit: Deutsch<br><\/p>\n\n\n\n<h3 class=\"wp-block-heading has-small-font-size\"><strong>Berufserfahrung<\/strong><\/h3>\n\n\n\n<p class=\"has-small-font-size\"><strong>01\/2009 &#8211; heute \u00a0<br>Martin Huber &#8211; Technische Beratung<\/strong><br><br>CAx und PLM Methodenentwicklung und Prozessberatung\u00a0<br>Requirements-Management<br>Anwenderqualifizierung und Support<br>Freiberuflich Selbst\u00e4ndig<br><br>&#8211; Traton SE<br>&#8211; Scania AB<br>&#8211; MAN Truck &amp; Bus AG<br>&#8211; EDAG Product Solutions GmbH &amp; Co KG &#8211; feynsinn<br>&#8211; Franz Xaver Meiller GmbH &amp; Co KG<br>&#8211; Meiller Aufzugt\u00fcren GmbH<br>&#8211; EDAG GmbH &amp; Co KG &#8211; feynsinn<br>&#8211; BMW AG<br>&#8211; nextprocess GmbH<br>&#8211; DES AG<br>&#8211; Altran Deutschland S.A.S. &amp; Co KG\u00a0<br>&#8211; Audi Akademie GmbH<br>&#8211; uneek GmbH<br>&#8211; HABO Engineering GmbH<br>&#8211; Kappema GmbH<br>&#8211; Conout GbR<br>&#8211; IndustrieHansa Consulting &amp; Engineering GmbH<br><br><strong>09\/2002 &#8211; 12\/2008 \u00a0\u00a0<br>ESACAD AG &#8211; Altenmarkt<\/strong><br><strong>CATIA V5 &#8211; Konstruktion und Projektbetreuung\u00a0BMW AG\u00a0 &#8211; M\u00fcnchen<\/strong><\/p>\n\n\n\n<p class=\"has-small-font-size\">Vorentwicklung Gesamtfahrzeug,&nbsp;<br>Modelltechnik, Aerodynamik und Energiemanagement&nbsp;<br>CATIA V5 (GSD\/Partdesign\/DMU\/Kinematik)<br>Fundierte Kenntnisse BMW-CA-Umgebung<br>1 Jahr CATIA V4 &#8211; Konstruktionserfahrung<\/p>\n\n\n\n<p class=\"has-small-font-size\"><strong>01\/2000 &#8211; 12\/2008&nbsp;&nbsp;<br>MH Multimedia-Dienstleistungen nebenberuflich<\/strong><\/p>\n\n\n\n<h6 class=\"wp-block-heading has-small-font-size\"><strong>Weiterbildung<\/strong><\/h6>\n\n\n\n<p class=\"has-small-font-size\"><strong>09\/2000 &#8211; 07\/2002&nbsp;&nbsp;<br>Staatliche Fachschule f\u00fcr Maschinenbautechnik &#8211; Landshut<\/strong><br>Abschluss: Staatlich gepr\u00fcfter Maschinenbautechniker<br>Meisterpreis der Bayerischen Staatsregierung<\/p>\n\n\n\n<h4 class=\"wp-block-heading has-small-font-size\"><strong>Berufserfahrung<\/strong><\/h4>\n\n\n\n<p class=\"has-small-font-size\"><strong>08\/2001 &#8211; 09\/2001&nbsp;&nbsp;<br>Lang Apparatebau &#8211; Siegsdorf &nbsp;<br><\/strong>Wettbewerbsuntersuchung&nbsp;Vergleich von 12 Hubmembrandosierger\u00e4ten<br><br><strong>10\/1998 &#8211; 09\/2000&nbsp;&nbsp;<br>Beraplan H\u00e4rter GmbH &#8211; Hart<\/strong><br>Metallfacharbeiter,&nbsp;Dreher &#8211; CNC-Maschine<br>Gestaltung und Wartung der Homepage<br><br><strong>08\/1998 &#8211; 10\/1998&nbsp;&nbsp;<br>Lang Apparatebau &#8211; Siegsdorf&nbsp;&nbsp;<br><\/strong>Lagerinventur<\/p>\n\n\n\n<p class=\"has-small-font-size\"><strong>04\/1998 &#8211; 08\/1998&nbsp;&nbsp;<br>Weber-Instrumentenbau &#8211; Chieming<\/strong><br>Metallblasinstrumentenmacher<\/p>\n\n\n\n<h6 class=\"wp-block-heading has-small-font-size\"><strong>Ausbildung&nbsp;und Praktika<\/strong><\/h6>\n\n\n\n<p class=\"has-small-font-size\"><strong>11\/1995 &#8211; 03\/1998&nbsp;&nbsp;&nbsp;<br>Weber-Instrumentenbau &#8211; Chieming<\/strong><br>Lehre im Metallblasinstrumentenmacher Handwerk<br>Lehrzeitverk\u00fcrzung und Berufsschulbefreiung<\/p>\n\n\n\n<p class=\"has-small-font-size\"><br><strong>10\/1994 &#8211; 10\/1995&nbsp;&nbsp;&nbsp;<br>Fachhochschule &#8211; Rosenheim&nbsp;<\/strong><br>Fachrichtung Holztechnik&nbsp;<br>2 Monate Praktikum&nbsp; Lang Apparatebau GmbH &#8211; Fertigung<br>2 Monate Praktikum&nbsp; Zimmerei Maier &amp; Maurer &#8211; Zimmerer<\/p>\n\n\n\n<h6 class=\"wp-block-heading has-small-font-size\"><strong>Zivildienst<\/strong><\/h6>\n\n\n\n<p class=\"has-small-font-size\"><strong>07\/1993 &#8211; 09\/1994&nbsp;&nbsp;&nbsp;<br>Zivildienst im Kinderheim St. Josef &#8211; Traunstein<\/strong><br>Hausmeister (Schreinerei, Schlosserei, Schwimmbadwartung)<\/p>\n\n\n\n<h6 class=\"wp-block-heading has-small-font-size\"><strong>Schulbildung<\/strong><\/h6>\n\n\n\n<p class=\"has-small-font-size\"><strong>09\/1991 &#8211; 07\/1993&nbsp;&nbsp;&nbsp;<br>Staatliche Fachoberschule &#8211; Traunstein<\/strong><br>Abschluss: Fachhochschulreife (Fachrichtung Technik)6 Monate Praktikum: Berufsbildungszentrum Traunstein<br>Maschinenbau-, Elektronik-, Elektro-, Maurerwerkstatt, Schmiede<\/p>\n\n\n\n<p class=\"has-small-font-size\"><strong>09\/1987 &#8211; 07\/1991&nbsp;&nbsp;&nbsp;<br>Reiffenstuel-Realschule &#8211; Traunstein<\/strong><br>Abschluss: mittlere Reife (Fachrichtung Technik)<br><br><strong>09\/1981 &#8211; 07\/1987&nbsp;&nbsp;&nbsp;&nbsp;<br>Grund und Hauptschule &#8211; Inzell<\/strong><\/p>\n\n\n\n<p class=\"has-small-font-size\"><strong><br>Sprachkenntnisse<\/strong><br>&nbsp; &#8211; Deutsch: Muttersprache<br>&nbsp; &#8211; Englisch: Wort und Schrift verhandlungssicher<br><br><strong>Zusatzqualifikationen<\/strong>&nbsp;<\/p>\n\n\n\n<p class=\"has-small-font-size\">&nbsp; &#8211; Filemaker Seminar<br>&nbsp; &#8211; PTC &#8211; Windchill Business Administrator<br>&nbsp; &#8211; MTS Training Course Windtunnel Model Motion System&nbsp;<br>&nbsp; &#8211; CATIA V5-Zertifikat&nbsp;<br>&nbsp; &#8211;&nbsp;Ausbilder im Betrieb IHK<br>&nbsp; &#8211; MS-Office \/ MS-Project \/ MS-Access \/ Open Office \/ HTML&nbsp;<br>&nbsp; &#8211; Windows \/ MAC OS X&nbsp;&nbsp;<br>&nbsp; &#8211; Gastst\u00e4ttenunterrichtung der IHK<\/p>\n\n\n\n<p class=\"has-small-font-size\"><br><strong>F\u00fchrerscheine<\/strong><\/p>\n\n\n\n<p class=\"has-small-font-size\">&nbsp; &#8211; F\u00fchrerscheine:A, B&nbsp;<br>&nbsp; &#8211; BMW B1-Fahrerausbildung, B2-Salzburgring, B3-Wintertraining, &nbsp;<br>&nbsp; &nbsp; Motorrad Enduro-Training<br>&nbsp; &#8211; Staplerf\u00fchrerschein&nbsp;<br>&nbsp; &#8211; SBF See + Binnen Motor + Segel<\/p>\n\n\n\n<p class=\"has-small-font-size\"><strong><br>Hobbies<\/strong><br>&nbsp;Meine Familie<br>&nbsp;Reisen:&nbsp;<br>&nbsp; &#8211; 1 Monat D\u00e4nemark<br>&nbsp; &#8211; 1 Monat Kanada, New York<br>&nbsp; &#8211; 1 Monat S\u00fcdafrika, Namibia, Botswana<br>&nbsp; &#8211; 1 Monat Atlantik\u00fcberquerung von Gran Canaria nach Martinique mit einem 16m Segelschiff<br>&nbsp; &#8211; 1 Monat in Japan &#8211; Gunma &#8211; Auftritte mit einer Trachten- und Musikgruppe<\/p>\n\n\n\n<p class=\"has-small-font-size\">&nbsp; Steirische Knopfziach bei der&nbsp; Hirschbrunftmusi&nbsp;<br>&nbsp; Singe und spiele E-Gitarre bei 2nddakota bis 2009<br>&nbsp; IT, Apple, Diatonische Ziach, Reisen<br>&nbsp;<br>&nbsp; 1999 bis 2007 &#8211; 1. Vorsitzender TdFC e.V. (B\u00fcrgernetz &#8211; Chiemgau)&nbsp;<br>&nbsp; Tr\u00e4gerverein des F\u00f6rdervereins Chiemgaunetz e.V.&nbsp;<br>&nbsp;&nbsp;<br>&nbsp; &nbsp;bis zum 18. Lebensjahr Ministrant und Nachwuchsgruppenleiter<\/p>\n","protected":false},"excerpt":{"rendered":"<p>Martin Huber Geboren 1975 in M\u00fcnchenFamilienstand: verheiratetStaatsangeh\u00f6rigkeit: Deutsch Berufserfahrung 01\/2009 &#8211; heute \u00a0Martin Huber &#8211; Technische Beratung CAx und PLM Methodenentwicklung und Prozessberatung\u00a0Requirements-ManagementAnwenderqualifizierung und SupportFreiberuflich Selbst\u00e4ndig &#8211; Traton SE&#8211; Scania AB&#8211; MAN Truck &amp; Bus AG&#8211; EDAG Product Solutions GmbH &amp; Co KG &#8211; feynsinn&#8211; Franz Xaver Meiller GmbH &amp; Co KG&#8211; Meiller Aufzugt\u00fcren GmbH&#8211; [&hellip;]<\/p>\n","protected":false},"author":1,"featured_media":0,"parent":0,"menu_order":0,"comment_status":"closed","ping_status":"closed","template":"Page-fullwidth.php","meta":{"footnotes":""},"class_list":["post-12","page","type-page","status-publish","hentry"],"_links":{"self":[{"href":"https:\/\/martin-huber.org\/startseite\/index.php?rest_route=\/wp\/v2\/pages\/12","targetHints":{"allow":["GET"]}}],"collection":[{"href":"https:\/\/martin-huber.org\/startseite\/index.php?rest_route=\/wp\/v2\/pages"}],"about":[{"href":"https:\/\/martin-huber.org\/startseite\/index.php?rest_route=\/wp\/v2\/types\/page"}],"author":[{"embeddable":true,"href":"https:\/\/martin-huber.org\/startseite\/index.php?rest_route=\/wp\/v2\/users\/1"}],"replies":[{"embeddable":true,"href":"https:\/\/martin-huber.org\/startseite\/index.php?rest_route=%2Fwp%2Fv2%2Fcomments&post=12"}],"version-history":[{"count":20,"href":"https:\/\/martin-huber.org\/startseite\/index.php?rest_route=\/wp\/v2\/pages\/12\/revisions"}],"predecessor-version":[{"id":227,"href":"https:\/\/martin-huber.org\/startseite\/index.php?rest_route=\/wp\/v2\/pages\/12\/revisions\/227"}],"wp:attachment":[{"href":"https:\/\/martin-huber.org\/startseite\/index.php?rest_route=%2Fwp%2Fv2%2Fmedia&parent=12"}],"curies":[{"name":"wp","href":"https:\/\/api.w.org\/{rel}","templated":true}]}}

<p class="has-small-font-size"><strong>Martin Huber</strong></p>



<p class="has-small-font-size">Geboren 1975 in München<br>Familienstand: verheiratet<br>Staatsangehörigkeit: Deutsch<br></p>



<h3 class="wp-block-heading has-small-font-size"><strong>Berufserfahrung</strong></h3>



<p class="has-small-font-size"><strong>01/2009 &#8211; heute  <br>Martin Huber &#8211; Technische Beratung</strong><br><br>CAx und PLM Methodenentwicklung und Prozessberatung <br>Requirements-Management<br>Anwenderqualifizierung und Support<br>Freiberuflich Selbständig<br><br>&#8211; Traton SE<br>&#8211; Scania AB<br>&#8211; MAN Truck &amp; Bus AG<br>&#8211; EDAG Product Solutions GmbH &amp; Co KG &#8211; feynsinn<br>&#8211; Franz Xaver Meiller GmbH &amp; Co KG<br>&#8211; Meiller Aufzugtüren GmbH<br>&#8211; EDAG GmbH &amp; Co KG &#8211; feynsinn<br>&#8211; BMW AG<br>&#8211; nextprocess GmbH<br>&#8211; DES AG<br>&#8211; Altran Deutschland S.A.S. &amp; Co KG <br>&#8211; Audi Akademie GmbH<br>&#8211; uneek GmbH<br>&#8211; HABO Engineering GmbH<br>&#8211; Kappema GmbH<br>&#8211; Conout GbR<br>&#8211; IndustrieHansa Consulting &amp; Engineering GmbH<br><br><strong>09/2002 &#8211; 12/2008   <br>ESACAD AG &#8211; Altenmarkt</strong><br><strong>CATIA V5 &#8211; Konstruktion und Projektbetreuung BMW AG  &#8211; München</strong></p>



<p class="has-small-font-size">Vorentwicklung Gesamtfahrzeug,&nbsp;<br>Modelltechnik, Aerodynamik und Energiemanagement&nbsp;<br>CATIA V5 (GSD/Partdesign/DMU/Kinematik)<br>Fundierte Kenntnisse BMW-CA-Umgebung<br>1 Jahr CATIA V4 &#8211; Konstruktionserfahrung</p>



<p class="has-small-font-size"><strong>01/2000 &#8211; 12/2008&nbsp;&nbsp;<br>MH Multimedia-Dienstleistungen nebenberuflich</strong></p>



<h6 class="wp-block-heading has-small-font-size"><strong>Weiterbildung</strong></h6>



<p class="has-small-font-size"><strong>09/2000 &#8211; 07/2002&nbsp;&nbsp;<br>Staatliche Fachschule für Maschinenbautechnik &#8211; Landshut</strong><br>Abschluss: Staatlich geprüfter Maschinenbautechniker<br>Meisterpreis der Bayerischen Staatsregierung</p>



<h4 class="wp-block-heading has-small-font-size"><strong>Berufserfahrung</strong></h4>



<p class="has-small-font-size"><strong>08/2001 &#8211; 09/2001&nbsp;&nbsp;<br>Lang Apparatebau &#8211; Siegsdorf &nbsp;<br></strong>Wettbewerbsuntersuchung&nbsp;Vergleich von 12 Hubmembrandosiergeräten<br><br><strong>10/1998 &#8211; 09/2000&nbsp;&nbsp;<br>Beraplan Härter GmbH &#8211; Hart</strong><br>Metallfacharbeiter,&nbsp;Dreher &#8211; CNC-Maschine<br>Gestaltung und Wartung der Homepage<br><br><strong>08/1998 &#8211; 10/1998&nbsp;&nbsp;<br>Lang Apparatebau &#8211; Siegsdorf&nbsp;&nbsp;<br></strong>Lagerinventur</p>



<p class="has-small-font-size"><strong>04/1998 &#8211; 08/1998&nbsp;&nbsp;<br>Weber-Instrumentenbau &#8211; Chieming</strong><br>Metallblasinstrumentenmacher</p>



<h6 class="wp-block-heading has-small-font-size"><strong>Ausbildung&nbsp;und Praktika</strong></h6>



<p class="has-small-font-size"><strong>11/1995 &#8211; 03/1998&nbsp;&nbsp;&nbsp;<br>Weber-Instrumentenbau &#8211; Chieming</strong><br>Lehre im Metallblasinstrumentenmacher Handwerk<br>Lehrzeitverkürzung und Berufsschulbefreiung</p>



<p class="has-small-font-size"><br><strong>10/1994 &#8211; 10/1995&nbsp;&nbsp;&nbsp;<br>Fachhochschule &#8211; Rosenheim&nbsp;</strong><br>Fachrichtung Holztechnik&nbsp;<br>2 Monate Praktikum&nbsp; Lang Apparatebau GmbH &#8211; Fertigung<br>2 Monate Praktikum&nbsp; Zimmerei Maier &amp; Maurer &#8211; Zimmerer</p>



<h6 class="wp-block-heading has-small-font-size"><strong>Zivildienst</strong></h6>



<p class="has-small-font-size"><strong>07/1993 &#8211; 09/1994&nbsp;&nbsp;&nbsp;<br>Zivildienst im Kinderheim St. Josef &#8211; Traunstein</strong><br>Hausmeister (Schreinerei, Schlosserei, Schwimmbadwartung)</p>



<h6 class="wp-block-heading has-small-font-size"><strong>Schulbildung</strong></h6>



<p class="has-small-font-size"><strong>09/1991 &#8211; 07/1993&nbsp;&nbsp;&nbsp;<br>Staatliche Fachoberschule &#8211; Traunstein</strong><br>Abschluss: Fachhochschulreife (Fachrichtung Technik)6 Monate Praktikum: Berufsbildungszentrum Traunstein<br>Maschinenbau-, Elektronik-, Elektro-, Maurerwerkstatt, Schmiede</p>



<p class="has-small-font-size"><strong>09/1987 &#8211; 07/1991&nbsp;&nbsp;&nbsp;<br>Reiffenstuel-Realschule &#8211; Traunstein</strong><br>Abschluss: mittlere Reife (Fachrichtung Technik)<br><br><strong>09/1981 &#8211; 07/1987&nbsp;&nbsp;&nbsp;&nbsp;<br>Grund und Hauptschule &#8211; Inzell</strong></p>



<p class="has-small-font-size"><strong><br>Sprachkenntnisse</strong><br>&nbsp; &#8211; Deutsch: Muttersprache<br>&nbsp; &#8211; Englisch: Wort und Schrift verhandlungssicher<br><br><strong>Zusatzqualifikationen</strong>&nbsp;</p>



<p class="has-small-font-size">&nbsp; &#8211; Filemaker Seminar<br>&nbsp; &#8211; PTC &#8211; Windchill Business Administrator<br>&nbsp; &#8211; MTS Training Course Windtunnel Model Motion System&nbsp;<br>&nbsp; &#8211; CATIA V5-Zertifikat&nbsp;<br>&nbsp; &#8211;&nbsp;Ausbilder im Betrieb IHK<br>&nbsp; &#8211; MS-Office / MS-Project / MS-Access / Open Office / HTML&nbsp;<br>&nbsp; &#8211; Windows / MAC OS X&nbsp;&nbsp;<br>&nbsp; &#8211; Gaststättenunterrichtung der IHK</p>



<p class="has-small-font-size"><br><strong>Führerscheine</strong></p>



<p class="has-small-font-size">&nbsp; &#8211; Führerscheine:A, B&nbsp;<br>&nbsp; &#8211; BMW B1-Fahrerausbildung, B2-Salzburgring, B3-Wintertraining, &nbsp;<br>&nbsp; &nbsp; Motorrad Enduro-Training<br>&nbsp; &#8211; Staplerführerschein&nbsp;<br>&nbsp; &#8211; SBF See + Binnen Motor + Segel</p>



<p class="has-small-font-size"><strong><br>Hobbies</strong><br>&nbsp;Meine Familie<br>&nbsp;Reisen:&nbsp;<br>&nbsp; &#8211; 1 Monat Dänemark<br>&nbsp; &#8211; 1 Monat Kanada, New York<br>&nbsp; &#8211; 1 Monat Südafrika, Namibia, Botswana<br>&nbsp; &#8211; 1 Monat Atlantiküberquerung von Gran Canaria nach Martinique mit einem 16m Segelschiff<br>&nbsp; &#8211; 1 Monat in Japan &#8211; Gunma &#8211; Auftritte mit einer Trachten- und Musikgruppe</p>



<p class="has-small-font-size">&nbsp; Steirische Knopfziach bei der&nbsp; Hirschbrunftmusi&nbsp;<br>&nbsp; Singe und spiele E-Gitarre bei 2nddakota bis 2009<br>&nbsp; IT, Apple, Diatonische Ziach, Reisen<br>&nbsp;<br>&nbsp; 1999 bis 2007 &#8211; 1. Vorsitzender TdFC e.V. (Bürgernetz &#8211; Chiemgau)&nbsp;<br>&nbsp; Trägerverein des Fördervereins Chiemgaunetz e.V.&nbsp;<br>&nbsp;&nbsp;<br>&nbsp; &nbsp;bis zum 18. Lebensjahr Ministrant und Nachwuchsgruppenleiter</p>

<p>Martin Huber Geboren 1975 in MünchenFamilienstand: verheiratetStaatsangehörigkeit: Deutsch Berufserfahrung 01/2009 &#8211; heute  Martin Huber &#8211; Technische Beratung CAx und PLM Methodenentwicklung und Prozessberatung Requirements-ManagementAnwenderqualifizierung und SupportFreiberuflich Selbständig &#8211; Traton SE&#8211; Scania AB&#8211; MAN Truck &amp; Bus AG&#8211; EDAG Product Solutions GmbH &amp; Co KG &#8211; feynsinn&#8211; Franz Xaver Meiller GmbH &amp; Co KG&#8211; Meiller Aufzugtüren GmbH&#8211; [&hellip;]</p>
